*l + 8. Let g be m(-7). Suppose -4*p = -5*s - 91, 4*p + s + 40 = g. What is the remainder when p is divided by 10?
9
Let y = -22 + 37. Let z(x) = x + 4. Let j be z(0). Suppose r - 4 = j. What is the remainder when y is divided by r?
7
What is the remainder when (-18)/(-4)*(120/2)/6 is divided by 12?
9
Calculate the remainder when 83 is divided by 2*(1 - 92/8)*-1.
20
Suppose -3*w + 2*g = -33, 4*g - 4 - 8 = 0. Suppose -4*o + 5*o + w = 0. Calculate the remainder when o/(-11) - (-4)/(-22) is divided by 1.
0
Suppose 2*b + 2*s = 20, 0*s + 32 = 5*b - 4*s. What is the remainder when 23 is divided by b?
7
Let o = 46 + -17. Calculate the remainder when 84 is divided by o.
26
Suppose 0 = 3*f + 2*b - 31, -3*f - 5*b + 1 = -36. What is the remainder when 15 is divided by f?
6
Let j = -6 + 25. Calculate the remainder when j is divided by 4.
3
Let d(u) = 5*u - 1. Let y be d(1). Suppose 0 = p + w - 5, 41 = 5*p + w - y*w. What is the remainder when 12 is divided by p?
5
Let m = 1 - -2. Suppose -m*q = -94 + 28. Calculate the remainder when q is divided by 12.
10
What is the remainder when 68 is divided by (-9)/27 + 146/6?
20
Let r = 70 - 34. What is the remainder when r is divided by 14?
8
Let i(z) = -z**2 - 3*z - z**2 + 8*z**2 + 6*z. What is the remainder when 71 is divided by i(-2)?
17
Let t = 0 + 23. Calculate the remainder when t is divided by (-58)/(-5) + 4/10.
11
Let n(y) = -3*y + y + y**3 + 2*y**2 - 1 + 4. Let g be n(-3). Calculate the remainder when 7 - 0/(-1) - g is divided by 3.
1
Let k = -5 + 24. Calculate the remainder when k is divided by 11.
8
Let l = 35 - -21. What is the remainder when l is divided by 15?
11
Let t(i) = -4*i + 3. Let a(r) = 24*r**3 + r**2 - 2*r + 1. Let w be a(1). Calculate the remainder when t(-5) is divided by (w/14)/(7/49).
11
Let a(w) = w**2 - 5*w. Let n be a(3). Let k = n + 13. Calculate the remainder when k is divided by 4.
3
Let y(l) = 3 - 11*l + 7*l**2 + l**3 + 0 + 4. Calculate the remainder when y(-8) is divided by 11.
9
Suppose 2 - 8 = 2*y. Let q = y - -5. Calculate the remainder when q is divided by 2.
0
Let d(r) = 4*r**2 + 7*r + 5. Calculate the remainder when 57/1 - 1/(-1) is divided by d(-3).
18
Let s = -5 - -20. Suppose -9*f - 86 = -11*f. What is the remainder when f is divided by s?
13
Suppose -3*z + 7 + 14 = 0. Suppose 15 = -10*l + 7*l. Calculate the remainder when z is divided by (-22)/l + (-4)/10.
3
Suppose -3*c - c - 48 = 0. Let h = 20 + c. Suppose -3 + 0 = -p. What is the remainder when h is divided by p?
2
Let s = -9 - -14. Suppose -20 = 5*l + 5, -1 = 3*q + s*l. What is the remainder when 15 is divided by q?
7
Let p(x) = 18*x + 6. Let v be p(7). Suppose 3*t + t - v = 0. Calculate the remainder when t is divided by 17.
16
Suppose -5*y - 20 = -10*y. Suppose -y*x + 10 = -94. Calculate the remainder when x is divided by 7.
5
Suppose 0 = -5*y - 2*w + 53 + 40, -4*w = 2*y - 50. Let f = y - 9. What is the remainder when 23 is divided by f?
7
Let i = 125 + -84. What is the remainder when 161 is divided by i?
38
Suppose -5*k + 2*o + 48 = 6*o, 3*o = -3*k + 30. What is the remainder when 54 is divided by k?
6
Let d = -33 + 44. Let y = 14 - -5. Calculate the remainder when y is divided by d.
8
Let t be ((-6)/(-4))/(6/16). Suppose 34 = 2*o + t*v, 6*v - 4*v = 5*o - 37. Suppose 57 = -5*m + 232. What is the remainder when m is divided by o?
8
Suppose -5*y + 71 = 2*p, -3*y = 4*p - 105 - 16. Suppose -h + 3*u + 31 = -u, -2*u = -5*h + 83. Calculate the remainder when p is divided by h.
13
Suppose 0 = -j - 11 + 1. Let u(l) = -l**3 - 9*l**2 + 9*l + 9. What is the remainder when 56 is divided by u(j)?
18
Suppose 14 = 4*x - 42. Calculate the remainder when x is divided by 4.
2
Suppose 8 = -d - 14. Let w = -16 - d. Suppose -j + 0*j = -11. Calculate the remainder when j is divided by w.
5
Let u = 81 + -71. Let r(g) = 3*g - 1. Let q be r(2). Suppose 30 = q*n - p - 3*p, 2*p = -n + 6. Calculate the remainder when u is divided by n.
4
Suppose 8*k - 3*k - 10 = 2*j, -28 = -2*k - 4*j. Calculate the remainder when 7 is divided by k.
3
Suppose 4*m = 4*f + 136, -2*m + 4*f + 165 = 3*m. What is the remainder when 86 is divided by m?
28
Let c(w) = w**2 - 4*w - 7. Let t be c(7). Let k be 1/((-2)/12)*-6. Suppose 0 = -h - t + k. Calculate the remainder when 64 is divided by h.
20
Let f(t) be the third derivative of t**4/3 + t**3/2 + 3*t**2. Calculate the remainder when f(3) is divided by 7.
6
Let y = 71 - 57. Calculate the remainder when 24 is divided by y.
10
Let s be -5*1*(-66)/(-15). Suppose 0 = 2*x - 7 - 13. What is the remainder when 2/1 + (4 - s) is divided by x?
8
Suppose 4*c + 0*s + s + 290 = 0, -3*s - 359 = 5*c. What is the remainder when c/(-2) + 15/(-10) is divided by 9?
8
Suppose 4*w = -5*b - 13, -4*w + 1 = 2*b - 1. Calculate the remainder when 12 is divided by w*2/2 + 4.
5
Suppose 4*v - 9*v + 15 = 0. Suppose i + i = h - 15, -52 = -v*h - i. Let b = -62 + 112. What is the remainder when b is divided by h?
16
Let n = -6 + 6. Suppose -i - 3*w - 3 = 0, 5*i + n*w - 57 = 3*w. Calculate the remainder when 24 is divided by i.
6
Let k = -10 + 9. Let a be (k - -33)*(5 + -2). Let t = a - 65. What is the remainder when t is divided by 8?
7
Suppose 0 = -f + 21 + 99. Suppose f = 4*t - t. Calculate the remainder when t is divided by 21.
19
Suppose 2*j + 36 = 5*j. What is the remainder when j is divided by 3?
0
Suppose 2 = 2*z - r + 226, -464 = 4*z + 2*r. What is the remainder when 55 is divided by z/9*(-3)/2?
17
What is the remainder when (178/8)/((-1)/(-4)) is divided by (-61)/(-4) - (-2 - 18/(-8))?
14
Let v be (-3)/((-11)/4 + 2). Suppose 2*k + 13 = -0*k - 5*p, 0 = 4*k + v*p - 4. Calculate the remainder when (-192)/(-20) + 4/10 is divided by k.
4
Suppose 106 = 2*s + 2*t, t - 208 = -4*s - t. What is the remainder when s is divided by 27?
24
Suppose 0 = 4*p + 4*u, 3*p - 1 = p - 3*u. Let a be (1 + p)/((-6)/(-3)). Let t(n) = n**3 - n**2 + 14. What is the remainder when t(a) is divided by 5?
4
Let z(h) = 4*h**3 + 3*h - 2 + 0*h - 3*h**3 + 6*h**2 + 4. What is the remainder when 39 is divided by z(-3)?
19
Let f = -45 - -50. What is the remainder when 7 is divided by f?
2
Let b = -26 - -53. Calculate the remainder when b is divided by 7.
6
Calculate the remainder when (6/(-30))/(2/(-130)) is divided by 8.
5
Let a = 24 + -9. Suppose 5*p = -3*c + 189, 0 = 5*c - 0*p + 5*p - 305. Calculate the remainder when c is divided by a.
13
Let p be (8 + -2)/(3 - 1). Suppose p*d + a = 5, 2 = -3*d - 3*a - 1. Suppose 15 = 5*t - 0*t, 0 = -d*f - 2*t + 111. What is the remainder when f is divided by 12?
11
Let r(d) = -8*d**2 - 3*d + 5. Let s be r(-6). Let j = 120 + -38. Calculate the remainder when j is divided by s/(-10) - (-3)/2.
26
Let t(q) = -q**2 - 11*q - 24. Calculate the remainder when 15 is divided by t(-7).
3
Let a be 1 - (-3 + 2) - 2. Suppose 2*s - 9 - 13 = a. What is the remainder when 43 is divided by s?
10
Suppose 0 = -3*v + 34 + 20. What is the remainder when v is divided by 13?
5
Let q be 550/6 - 3/(-9). Suppose 0 = 5*c + b - 295, c - q + 19 = -3*b. Calculate the remainder when c is divided by 15.
13
Let p(q) = -q**2 + 7*q + 1. Let b be p(7). Let v = b + -1. Let c(k) = k**3 - k**2 - k + 23. What is the remainder when c(v) is divided by 8?
7
Let r(c) = -c**3 - c**2 + 5*c + 7. What is the remainder when 27 is divided by r(-3)?
7
Suppose 2*f - 151 = 3*d, f - 5*d = -0*f + 86. Calculate the remainder when f is divided by 18.
17
Suppose -2*j + 36 = 2*j. Calculate the remainder when (0 + 15/2)*2 is divided by j.
6
Suppose 4*t = 28 + 4. Let c = t + 0. Calculate the remainder when 22 is divided by c.
6
Suppose -20 = 5*i, -11 - 9 = -2*k + 5*i. Calculate the remainder when 6*(k + (-10)/(-6)) is divided by 4.
2
What is the remainder when 32/5*(-35)/(-14) is divided by 158/18 - 4/(-18)?
7
Suppose -4*g = 3*n - 0*g + 17, -5*g = 5*n + 25. What is the remainder when n/(1 + -2) + 0 is divided by 2?
1
Let q = -4 + 6. Suppose 0 = 5*j - 4*t + t - 145, 2*t = q*j - 62. Suppose -2*r = -4*d + 46, 2*d - 1 = -r + 12. What is the remainder when j is divided by d?
8
Suppose 3*v - 6 = 6. Suppose -v*m + 23 = -189. Let r = m + -26. What is the remainder when r is divided by 14?
13
Let v be 0 + 6/2*1. Suppose 2*j = 2*p + v*j - 38, 3*j - 30 = -2*p. Let q = -14 + 25. Calculate the remainder when 